{"id":146,"date":"2016-02-17T08:48:37","date_gmt":"2016-02-17T07:48:37","guid":{"rendered":"http:\/\/www.radiocona.si\/slo\/?page_id=146"},"modified":"2016-02-27T10:18:02","modified_gmt":"2016-02-27T09:18:02","slug":"radiocona0-2425-izbor-irena-pivka-jasmina-zaloznik-brane-zorman","status":"publish","type":"page","link":"https:\/\/www.radiocona.si\/slo\/radiocona0-2425-izbor-irena-pivka-jasmina-zaloznik-brane-zorman\/","title":{"rendered":"radioCona:0.2425 (izbor: Irena Pivka, Jasmina Zalo\u017enik, Brane Zorman)"},"content":{"rendered":"<p><span style=\"color: #339966;\"><strong>Premierna dela\u00a0<strong>slovenskih umetnikov<\/strong><\/strong><\/span><br \/>\nVsa dela razen, delo z avtorice OR poiesis, so nastala v dialogu z Anno Friz in Branetom Zormanom<br \/>\nopis del(<strong><a href=\"http:\/\/www.radiocona.si\/slo\/wp-content\/uploads\/sites\/3\/2016\/02\/premierna-dela_opisi_slo_lek.pdf\">pdf<\/a><\/strong>\u00a0)<\/p>\n<p>Agapea\u00a0<em>Cikli<\/em><br \/>\nSimon Macuh\u00a0<em>Sprehodi za \u010duje\u010dnost<\/em><br \/>\nAndra\u017e Magajna\u00a0<em>u cik zore \/at the crack of dawn<\/em><br \/>\nOR poiesis (alias Petra Kap\u0161)\u00a0Auralni spomin, \u010dasovne vrtine_flux<br \/>\nDu\u0161an Zidar\u00a0<em>Noise from system \u00a0<\/em><br \/>\nJan Turk, Marko Batista<em>\u00a0Cave Astronauts\u00a0<\/em><br \/>\nKaja Kraner, Alja Lobnik, Katja Kosi\u00a0<em>Gibanje v monotonosti hoje, Zvo\u010dni zapis o predstavi Senzasenso Jana Rozmana\u00a0<\/em><\/p>\n<p><span style=\"color: #339966;\"><strong>Izbor del slovenskih umetnikov<\/strong><\/span><\/p>\n<p>Miha Erman <em>Morning Exercise<\/em><br \/>\nBo\u0161tjan Perov\u0161ek<strong>\u00a0<\/strong><em>Mrmranje tokov\u00a0<\/em><br \/>\nIrena Pivka\/Brane Zorman\u00a0Field Frequency Flux<br \/>\nMauricio Valde\u0301s Emeterio\u00a0<em>Santa Muerte<\/em><br \/>\nSamo Kutin <em>Zvo\u010dni zapisi &#8211; Kot filmski negativ izpostavljen mo\u010dnemu soncu<\/em>,<br \/>\nUzvo\u010devalci (Miha Tom\u0161i\u010d, Borut Savski, Franc Cegnar, Zvonka T Sim\u010di\u010d, Bogdana Herman in Silvana Paleti) <em>Nevestina harfa <\/em><br \/>\nBrane Zorman\u00a0ERDE unter Berlin<\/p>\n<p><span style=\"color: #339966;\"><strong>Izbor del mednarodnih umetnikov<\/strong><\/span><\/p>\n<p>Francisco Lopez <em>Wind (Patagonia),\u00a0Untitled Sonic Microorganisms,\u00a0HMSN,\u00a0sonopolis,\u00a0Untitled #249,\u00a0Kollt,\u00a0Untitled #284<\/em><br \/>\nClaudio Parodi <em>Prima Del Terzo<\/em><br \/>\nColin Black\u00a0<em>The Invisible Material<\/em><br \/>\nSuk-Jun Kim\u00a0<em>On the Way to Fwarrheu<\/em><br \/>\nEric Leonardson<em> Soundcamp edicija Radius<\/em><\/p>\n<p>program oddajanja (<strong><a href=\"http:\/\/goo.gl\/Yma8QR\">pdf<\/a><\/strong>)<\/p>\n","protected":false},"excerpt":{"rendered":"<p>Premierna dela\u00a0slovenskih umetnikov Vsa dela razen, delo z avtorice OR poiesis, so nastala v dialogu z Anno Friz in Branetom Zormanom opis del(pdf\u00a0) Agapea\u00a0Cikli Simon Macuh\u00a0Sprehodi za \u010duje\u010dnost Andra\u017e Magajna\u00a0u cik zore \/at the crack of dawn OR poiesis (alias Petra Kap\u0161)\u00a0Auralni spomin, \u010dasovne vrtine_flux Du\u0161an Zidar\u00a0Noise from system \u00a0 Jan Turk, Marko Batista\u00a0Cave Astronauts\u00a0 [&hellip;]<\/p>\n","protected":false},"author":3,"featured_media":0,"parent":0,"menu_order":0,"comment_status":"closed","ping_status":"closed","template":"","meta":{"_mi_skip_tracking":false,"_monsterinsights_sitenote_active":false,"_monsterinsights_sitenote_note":"","_monsterinsights_sitenote_category":0},"_links":{"self":[{"href":"https:\/\/www.radiocona.si\/slo\/wp-json\/wp\/v2\/pages\/146"}],"collection":[{"href":"https:\/\/www.radiocona.si\/slo\/wp-json\/wp\/v2\/pages"}],"about":[{"href":"https:\/\/www.radiocona.si\/slo\/wp-json\/wp\/v2\/types\/page"}],"author":[{"embeddable":true,"href":"https:\/\/www.radiocona.si\/slo\/wp-json\/wp\/v2\/users\/3"}],"replies":[{"embeddable":true,"href":"https:\/\/www.radiocona.si\/slo\/wp-json\/wp\/v2\/comments?post=146"}],"version-history":[{"count":12,"href":"https:\/\/www.radiocona.si\/slo\/wp-json\/wp\/v2\/pages\/146\/revisions"}],"predecessor-version":[{"id":236,"href":"https:\/\/www.radiocona.si\/slo\/wp-json\/wp\/v2\/pages\/146\/revisions\/236"}],"wp:attachment":[{"href":"https:\/\/www.radiocona.si\/slo\/wp-json\/wp\/v2\/media?parent=146"}],"curies":[{"name":"wp","href":"https:\/\/api.w.org\/{rel}","templated":true}]}}