{"id":354,"date":"2016-12-23T12:00:53","date_gmt":"2016-12-23T11:00:53","guid":{"rendered":"http:\/\/www.radiocona.si\/slo\/?page_id=354"},"modified":"2017-01-15T20:12:59","modified_gmt":"2017-01-15T19:12:59","slug":"radioconawolfmoon","status":"publish","type":"page","link":"https:\/\/www.radiocona.si\/slo\/radioconawolfmoon\/","title":{"rendered":"radioCona:wolFMoon"},"content":{"rendered":"<p><a href=\"http:\/\/www.radiocona.si\/slo\/radioconawolfmoon\/rc_wolfmoon_2-copy\/\" rel=\"attachment wp-att-374\"><img decoding=\"async\" loading=\"lazy\" class=\"alignleft size-thumbnail wp-image-374\" src=\"http:\/\/www.radiocona.si\/slo\/wp-content\/uploads\/sites\/3\/2016\/12\/RC_wolFMoon_2-copy-150x150.jpg\" alt=\"rc_wolfmoon_2-copy\" width=\"150\" height=\"150\" \/><\/a>FM razstava in dogodki<br \/>\n12. 1. \u2013 19.1. 2016<br \/>\nFM 88.8MHz in splet radiocona.si ter dogodki na lokacijah<\/p>\n<p>Program oddajanja (informacija v angle\u0161\u010dini)<br \/>\nwolFMoon uvertura:<strong>\u00a0<\/strong>\u00a0<a href=\"http:\/\/www.radiocona.si\/thursday-saturday-wolfmoon-prologue\/\">\u010cetrtek 12. &#8211; Sobota 14.<\/a><br \/>\nFM exhibition:<br \/>\n<a href=\"http:\/\/www.radiocona.si\/sunday-15-january-from-622pm\/\">Nedelja 15.<\/a><a href=\"http:\/\/www.radiocona.si\/thursday-saturday-wolfmoon-prologue\/\">\u00a0<\/a><a href=\"http:\/\/www.radiocona.si\/monday-january-16-from-6-23pm\/\">Ponedeljek 16.<\/a><a href=\"http:\/\/www.radiocona.si\/thursday-saturday-wolfmoon-prologue\/\">\u00a0<\/a><a href=\"http:\/\/www.radiocona.si\/tuesday-january-17-from-6-24pm\/\">Torek 17.<\/a><a href=\"http:\/\/www.radiocona.si\/thursday-saturday-wolfmoon-prologue\/\">\u00a0<\/a><a href=\"http:\/\/www.radiocona.si\/wednesday\/\">Sreda 18.<\/a><a href=\"http:\/\/www.radiocona.si\/thursday-saturday-wolfmoon-prologue\/\">\u00a0<\/a><a href=\"http:\/\/www.radiocona.si\/thursday-january-19-from-6-28\/\">\u010cetrtek 19.<\/a><\/p>\n<p>Ob polni luni, imenovani vol\u010dja luna, se bo radioCona osem zaporednih no\u010di vklju\u010dila v \u010dasu, ko nastopi no\u010d.\u00a0<a href=\"http:\/\/www.radiocona.si\/slo\/wp-content\/uploads\/sites\/3\/2016\/12\/radioConawolFMoon_merged.pdf\">pdf.zlo\u017eenka<\/a><\/p>\n<p><span style=\"color: #808080;\">Tuljenje volkov je eden najbolj sugestivnih in mogo\u010dnih zvokov narave. Ta oddaljeni zvok no\u010dne krajine je \u010dudovit in zastra\u0161ujo\u010d hkrati. Volkovi s tuljenjem akusti\u010dno markirajo teritorij in se znotraj krdela pove\u017eejo. Tulijo v jasni, mirni no\u010di, najraje v obdobju somraka in na za\u010detku no\u010di. So takrat pogoji za transmisijo zvoka bolj\u0161i?<\/span><\/p>\n<p><a href=\"http:\/\/www.radiocona.si\/slo\/premiere-works-radioconawojfmoon\/\">Premierna dela <\/a>umetnikov:\u00a0Agapea, beepblip (Ida Hir\u0161enfelder), Andrej Hrvatin, Petra Kap\u0161 (alias OR poises), Borut Peternelj(Amper-o-mat), Roberina \u0160ebjani\u010d, Miha, Tur\u0161i\u010d\/\u0160pela Petri\u010d, Tea Vidmar\/Ana Kravanja, Brane Zorman\/Maja Smrekar<\/p>\n<p>Izbor:\u00a0Ximena Alarcon, Dinah Bird, St\u00e9phane Claude, Richard Crow, Delia Derbyshire, Leif Elggren, Anna Friz, Mario Gauthier, Fernando Godoy, Magz Hall, Olivia Humphreys, GX Jupitter-Larsen, Konrad Korabiewski, Samo Kutin, Brandon LaBelle, Francisco L\u00f3pez, Tumi Magn\u00fasson, Michael McHugh and Noizechoir, Mikel R. Nieto, Maria Papadomanolaki, Carlo Patr\u00e3o, Bo\u0161tjan Perov\u0161ek, Luka Prin\u010di\u010d, Jean-Philippe Renoult, Francois Tariq Sardi, tobias c.van Veen, Mark Vernon, Tao G. Vrhovec Sambolec, James Webb, Jana Winderen, Emiliano Zelada, Brane Zorman<\/p>\n<p>Dogodki na lokacijah:<br \/>\n<a href=\"http:\/\/www.radiocona.si\/slo\/wolfmoon-uvertura\/?preview_id=399&amp;preview_nonce=f87f91d76b&amp;preview=true\" rel=\"attachment wp-att-358\"><img decoding=\"async\" loading=\"lazy\" class=\"alignleft wp-image-358\" src=\"http:\/\/www.radiocona.si\/slo\/wp-content\/uploads\/sites\/3\/2016\/12\/howling-wolf-brez-podlage_mala-150x150.jpg\" alt=\"howling-wolf-brez-podlage_mala\" width=\"87\" height=\"88\" srcset=\"https:\/\/www.radiocona.si\/slo\/wp-content\/uploads\/sites\/3\/2016\/12\/howling-wolf-brez-podlage_mala-150x150.jpg 150w, https:\/\/www.radiocona.si\/slo\/wp-content\/uploads\/sites\/3\/2016\/12\/howling-wolf-brez-podlage_mala-300x300.jpg 300w, https:\/\/www.radiocona.si\/slo\/wp-content\/uploads\/sites\/3\/2016\/12\/howling-wolf-brez-podlage_mala-768x768.jpg 768w, https:\/\/www.radiocona.si\/slo\/wp-content\/uploads\/sites\/3\/2016\/12\/howling-wolf-brez-podlage_mala-1024x1024.jpg 1024w, https:\/\/www.radiocona.si\/slo\/wp-content\/uploads\/sites\/3\/2016\/12\/howling-wolf-brez-podlage_mala.jpg 1920w\" sizes=\"(max-width: 87px) 100vw, 87px\" \/><\/a><a href=\"http:\/\/www.radiocona.si\/slo\/wolfmoon-uvertura\/\">wolFMoon uvertura<strong>\u00a0<\/strong><\/a><br \/>\npetek, 13.1. ob 18:00, Rastlinjak Tivoli<\/p>\n<p>&nbsp;<\/p>\n<p>&nbsp;<\/p>\n<p><strong><a href=\"http:\/\/www.radiocona.si\/slo\/radioconawolfmoon\/antena1-copy-1-mala\/\" rel=\"attachment wp-att-370\"><img decoding=\"async\" loading=\"lazy\" class=\"alignleft wp-image-370\" src=\"http:\/\/www.radiocona.si\/slo\/wp-content\/uploads\/sites\/3\/2016\/12\/antena1-copy-1-mala-150x150.jpg\" alt=\"antena1-copy-1-mala\" width=\"87\" height=\"87\" \/><\/a><\/strong><a href=\"http:\/\/www.radiocona.si\/slo\/sleep-koncert-zvo-ci-ti-so-und-ing-duo\/\">Sleep koncer<\/a>t in <a href=\"http:\/\/www.cona.si\/slo\/zvo-ci-ti-so-und-ing-duo-cikel-2017\/\">ZVO.\u010cI.TI So.und.ing DUO<\/a><strong>\u00a0<\/strong><br \/>\ndogodek v sklopu praznovanja Arts Birthday<br \/>\ntorek 17.1 od 20.00, Kino \u0160i\u0161ka,\u00a0in frekvence 3. program Radia Slovenija \u2013 program Ars in radioCona<br \/>\nvstop prost<\/p>\n<p>FM exhibition:<\/p>\n<p>Radijski medij pogosto povezujemo s sanjami, asociacijami, nezavednimi procesi. Radio s svojo subtilno prisotnostjo povezuje prostore in ljudi, \u010dase in prostore. Ujet med intimnim in javnim poslu\u0161alca in njegovo okolico pre\u017eema z neulovljivimi zvoki in raztele\u0161enimi glasovi. Generira to, kar je Steve Connor poimenoval \u00bbslu\u0161no nezavedno\u00ab<\/p>\n<p>kot korelat \u00bbopti\u010dnemu nezavednemu\u00ab Walterja Benjamina; se pravi, zavedanje \u00bbvsega, kar uho obi\u010dajno ne zazna in ne prepozna, vendar kljub temu oblikuje ob\u010dutke in zaznave.\u00abRadio omogo\u010da dostop do tistih plasti realnosti, ki so prostemu u\u0161esu nezaznavne, in tako vzpostavlja vez med realnostjo in iluzijo.<\/p>\n<p>Oddajanje \u017ee tradicionalno poteka pozimi. Razse\u017enost no\u010dnega radijskega oddajanja poslu\u0161alce vabi k poigravanju s pozornostjo in nepozornostjo in k brisanju lo\u010dnice med zunanjostjo in notranjostjo. Tokratna radioCona FM razstava raziskuje sanjske pokrajine in oddaljene no\u010dne krajine kot akusti\u010dno, ekolo\u0161ko in filozofsko razse\u017enost, ki jih razkriva zvo\u010dna zaznava. Uvodne tri dni oddajanja posve\u010damo vol\u010djemu tuljenju, v naslednjih petih dneh pa radiofoni\u010dno tipamo skozi vmesne prostore med sanjanjem in budnostjo.<\/p>\n<p>Prvi sklop programa razstave se osredoto\u010da na sanjske pokrajine in zdrse med zavestnimi in nezavednimi stanji, ki prehajajo med budnostjo in pozabo, vztrajajo v vmesnih prostorih zavesti ter postavljajo pod vpra\u0161aj kognitivne procese \u2013 od sanjskih zgodb do nezasli\u0161anih zvokov zaspanih teles, od tokov zavesti do raziskav poslu\u0161anja kot psihoanaliti\u010dnega orodja.<\/p>\n<p>V drugem sklopu programa bomo raziskovali zvo\u010dne ekologije in oddaljeno poslu\u0161anje, s poudarkom na no\u010dnih zaznavah. V okviru dveh omenjenih tematskih sklopov tokratna FM razstava predstavlja vrsto premiernih zvo\u010dnih del v kuratorskem izboru radioCona, izbor iz Dreamlands, ki ga kurirajo v Radio Arts, in izbor iz radijske serije Remote Series (dela za\u00a0Sk\u00e1lar FM, za\u00a0Soundproof na Radio National Australia),\u00a0ki ga kurirata Anna Friz\/Konrad Korabiewski.<\/p>\n<p>Zasnova in kuriranje:\u00a0\u00a0Elena Biserna, Irena Pivka, Brane Zorman s gostujo\u010dimi kuratorskimi izbori Radio Arts in Anna Friz\/Konrad Korabiewski.<br \/>\nZasnova in organizacija dogodka <em>wolFMoon<\/em>: Jasmina Zalo\u017enik, Irena Pivka<br \/>\nKuriranje in organizacija zvo\u010dnega dogodka <em>Sleep Kocert<\/em>: Brane Zorman<br \/>\nMentorja: Elena Biserna, Brane Zorman<br \/>\nTehnic\u030cno vodstvo: Brane Zorman, Jan Turk, Marko Trstenjak<br \/>\nBesedila: Elena Biserna, Irena Pivka, Jasmina Zalo\u017enik<br \/>\nPrevodi: Katja Kosi<br \/>\nLektura: Melita Silic\u030c, Sun\u010dan Stone<br \/>\nOblikovanje: Irena Pivka<br \/>\nSpletno oblikovanje; Vesna Bukovec<br \/>\nOdnosi z javnostmi: Brane Zorman, Jasmina Zalo\u017enik<br \/>\nPartnerji <em>SLEEP KONCERT<\/em>, Kino \u0160i\u0161ka, 3. program Radia Slovenija \u2013 program Ars<br \/>\nPartnerji dogodka <em>wolFMoon uvertura<\/em> Botani\u010dni vrt, Univerze v Ljubljani<br \/>\nPartnerji residence: JSKD<br \/>\nPartnerji oddajanja: OE Oddajniki in zveze<br \/>\nZahvala: Radio Arts, Sonus Locus, Sound Camp, Mark Vernon Radiophonia, Anna Friz<br \/>\nProdukcija: CONA, 2017, www.cona.si<\/p>\n<p>Program CONE podpira Mestna obc\u030cina Ljubljana, oddelek za kulturo.<\/p>\n","protected":false},"excerpt":{"rendered":"<p>FM razstava in dogodki 12. 1. \u2013 19.1. 2016 FM 88.8MHz in splet radiocona.si ter dogodki na lokacijah Program oddajanja (informacija v angle\u0161\u010dini) wolFMoon uvertura:\u00a0\u00a0\u010cetrtek 12. &#8211; Sobota 14. FM exhibition: Nedelja 15.\u00a0Ponedeljek 16.\u00a0Torek 17.\u00a0Sreda 18.\u00a0\u010cetrtek 19. Ob polni luni, imenovani vol\u010dja luna, se bo radioCona osem zaporednih no\u010di vklju\u010dila v \u010dasu, ko nastopi no\u010d.\u00a0pdf.zlo\u017eenka [&hellip;]<\/p>\n","protected":false},"author":3,"featured_media":0,"parent":0,"menu_order":0,"comment_status":"closed","ping_status":"closed","template":"","meta":{"_mi_skip_tracking":false,"_monsterinsights_sitenote_active":false,"_monsterinsights_sitenote_note":"","_monsterinsights_sitenote_category":0},"_links":{"self":[{"href":"https:\/\/www.radiocona.si\/slo\/wp-json\/wp\/v2\/pages\/354"}],"collection":[{"href":"https:\/\/www.radiocona.si\/slo\/wp-json\/wp\/v2\/pages"}],"about":[{"href":"https:\/\/www.radiocona.si\/slo\/wp-json\/wp\/v2\/types\/page"}],"author":[{"embeddable":true,"href":"https:\/\/www.radiocona.si\/slo\/wp-json\/wp\/v2\/users\/3"}],"replies":[{"embeddable":true,"href":"https:\/\/www.radiocona.si\/slo\/wp-json\/wp\/v2\/comments?post=354"}],"version-history":[{"count":55,"href":"https:\/\/www.radiocona.si\/slo\/wp-json\/wp\/v2\/pages\/354\/revisions"}],"predecessor-version":[{"id":550,"href":"https:\/\/www.radiocona.si\/slo\/wp-json\/wp\/v2\/pages\/354\/revisions\/550"}],"wp:attachment":[{"href":"https:\/\/www.radiocona.si\/slo\/wp-json\/wp\/v2\/media?parent=354"}],"curies":[{"name":"wp","href":"https:\/\/api.w.org\/{rel}","templated":true}]}}

<p><a href="http://www.radiocona.si/slo/radioconawolfmoon/rc_wolfmoon_2-copy/" rel="attachment wp-att-374"><img decoding="async" loading="lazy" class="alignleft size-thumbnail wp-image-374" src="http://www.radiocona.si/slo/wp-content/uploads/sites/3/2016/12/RC_wolFMoon_2-copy-150x150.jpg" alt="rc_wolfmoon_2-copy" width="150" height="150" /></a>FM razstava in dogodki<br />
12. 1. – 19.1. 2016<br />
FM 88.8MHz in splet radiocona.si ter dogodki na lokacijah</p>
<p>Program oddajanja (informacija v angleščini)<br />
wolFMoon uvertura:<strong> </strong> <a href="http://www.radiocona.si/thursday-saturday-wolfmoon-prologue/">Četrtek 12. &#8211; Sobota 14.</a><br />
FM exhibition:<br />
<a href="http://www.radiocona.si/sunday-15-january-from-622pm/">Nedelja 15.</a><a href="http://www.radiocona.si/thursday-saturday-wolfmoon-prologue/"> </a><a href="http://www.radiocona.si/monday-january-16-from-6-23pm/">Ponedeljek 16.</a><a href="http://www.radiocona.si/thursday-saturday-wolfmoon-prologue/"> </a><a href="http://www.radiocona.si/tuesday-january-17-from-6-24pm/">Torek 17.</a><a href="http://www.radiocona.si/thursday-saturday-wolfmoon-prologue/"> </a><a href="http://www.radiocona.si/wednesday/">Sreda 18.</a><a href="http://www.radiocona.si/thursday-saturday-wolfmoon-prologue/"> </a><a href="http://www.radiocona.si/thursday-january-19-from-6-28/">Četrtek 19.</a></p>
<p>Ob polni luni, imenovani volčja luna, se bo radioCona osem zaporednih noči vključila v času, ko nastopi noč. <a href="http://www.radiocona.si/slo/wp-content/uploads/sites/3/2016/12/radioConawolFMoon_merged.pdf">pdf.zloženka</a></p>
<p><span style="color: #808080;">Tuljenje volkov je eden najbolj sugestivnih in mogočnih zvokov narave. Ta oddaljeni zvok nočne krajine je čudovit in zastrašujoč hkrati. Volkovi s tuljenjem akustično markirajo teritorij in se znotraj krdela povežejo. Tulijo v jasni, mirni noči, najraje v obdobju somraka in na začetku noči. So takrat pogoji za transmisijo zvoka boljši?</span></p>
<p><a href="http://www.radiocona.si/slo/premiere-works-radioconawojfmoon/">Premierna dela </a>umetnikov: Agapea, beepblip (Ida Hiršenfelder), Andrej Hrvatin, Petra Kapš (alias OR poises), Borut Peternelj(Amper-o-mat), Roberina Šebjanič, Miha, Turšič/Špela Petrič, Tea Vidmar/Ana Kravanja, Brane Zorman/Maja Smrekar</p>
<p>Izbor: Ximena Alarcon, Dinah Bird, Stéphane Claude, Richard Crow, Delia Derbyshire, Leif Elggren, Anna Friz, Mario Gauthier, Fernando Godoy, Magz Hall, Olivia Humphreys, GX Jupitter-Larsen, Konrad Korabiewski, Samo Kutin, Brandon LaBelle, Francisco López, Tumi Magnússon, Michael McHugh and Noizechoir, Mikel R. Nieto, Maria Papadomanolaki, Carlo Patrão, Boštjan Perovšek, Luka Prinčič, Jean-Philippe Renoult, Francois Tariq Sardi, tobias c.van Veen, Mark Vernon, Tao G. Vrhovec Sambolec, James Webb, Jana Winderen, Emiliano Zelada, Brane Zorman</p>
<p>Dogodki na lokacijah:<br />
<a href="http://www.radiocona.si/slo/wolfmoon-uvertura/?preview_id=399&amp;preview_nonce=f87f91d76b&amp;preview=true" rel="attachment wp-att-358"><img decoding="async" loading="lazy" class="alignleft wp-image-358" src="http://www.radiocona.si/slo/wp-content/uploads/sites/3/2016/12/howling-wolf-brez-podlage_mala-150x150.jpg" alt="howling-wolf-brez-podlage_mala" width="87" height="88" srcset="https://www.radiocona.si/slo/wp-content/uploads/sites/3/2016/12/howling-wolf-brez-podlage_mala-150x150.jpg 150w, https://www.radiocona.si/slo/wp-content/uploads/sites/3/2016/12/howling-wolf-brez-podlage_mala-300x300.jpg 300w, https://www.radiocona.si/slo/wp-content/uploads/sites/3/2016/12/howling-wolf-brez-podlage_mala-768x768.jpg 768w, https://www.radiocona.si/slo/wp-content/uploads/sites/3/2016/12/howling-wolf-brez-podlage_mala-1024x1024.jpg 1024w, https://www.radiocona.si/slo/wp-content/uploads/sites/3/2016/12/howling-wolf-brez-podlage_mala.jpg 1920w" sizes="(max-width: 87px) 100vw, 87px" /></a><a href="http://www.radiocona.si/slo/wolfmoon-uvertura/">wolFMoon uvertura<strong> </strong></a><br />
petek, 13.1. ob 18:00, Rastlinjak Tivoli</p>
<p>&nbsp;</p>
<p>&nbsp;</p>
<p><strong><a href="http://www.radiocona.si/slo/radioconawolfmoon/antena1-copy-1-mala/" rel="attachment wp-att-370"><img decoding="async" loading="lazy" class="alignleft wp-image-370" src="http://www.radiocona.si/slo/wp-content/uploads/sites/3/2016/12/antena1-copy-1-mala-150x150.jpg" alt="antena1-copy-1-mala" width="87" height="87" /></a></strong><a href="http://www.radiocona.si/slo/sleep-koncert-zvo-ci-ti-so-und-ing-duo/">Sleep koncer</a>t in <a href="http://www.cona.si/slo/zvo-ci-ti-so-und-ing-duo-cikel-2017/">ZVO.ČI.TI So.und.ing DUO</a><strong> </strong><br />
dogodek v sklopu praznovanja Arts Birthday<br />
torek 17.1 od 20.00, Kino Šiška, in frekvence 3. program Radia Slovenija – program Ars in radioCona<br />
vstop prost</p>
<p>FM exhibition:</p>
<p>Radijski medij pogosto povezujemo s sanjami, asociacijami, nezavednimi procesi. Radio s svojo subtilno prisotnostjo povezuje prostore in ljudi, čase in prostore. Ujet med intimnim in javnim poslušalca in njegovo okolico prežema z neulovljivimi zvoki in raztelešenimi glasovi. Generira to, kar je Steve Connor poimenoval »slušno nezavedno«</p>
<p>kot korelat »optičnemu nezavednemu« Walterja Benjamina; se pravi, zavedanje »vsega, kar uho običajno ne zazna in ne prepozna, vendar kljub temu oblikuje občutke in zaznave.«Radio omogoča dostop do tistih plasti realnosti, ki so prostemu ušesu nezaznavne, in tako vzpostavlja vez med realnostjo in iluzijo.</p>
<p>Oddajanje že tradicionalno poteka pozimi. Razsežnost nočnega radijskega oddajanja poslušalce vabi k poigravanju s pozornostjo in nepozornostjo in k brisanju ločnice med zunanjostjo in notranjostjo. Tokratna radioCona FM razstava raziskuje sanjske pokrajine in oddaljene nočne krajine kot akustično, ekološko in filozofsko razsežnost, ki jih razkriva zvočna zaznava. Uvodne tri dni oddajanja posvečamo volčjemu tuljenju, v naslednjih petih dneh pa radiofonično tipamo skozi vmesne prostore med sanjanjem in budnostjo.</p>
<p>Prvi sklop programa razstave se osredotoča na sanjske pokrajine in zdrse med zavestnimi in nezavednimi stanji, ki prehajajo med budnostjo in pozabo, vztrajajo v vmesnih prostorih zavesti ter postavljajo pod vprašaj kognitivne procese – od sanjskih zgodb do nezaslišanih zvokov zaspanih teles, od tokov zavesti do raziskav poslušanja kot psihoanalitičnega orodja.</p>
<p>V drugem sklopu programa bomo raziskovali zvočne ekologije in oddaljeno poslušanje, s poudarkom na nočnih zaznavah. V okviru dveh omenjenih tematskih sklopov tokratna FM razstava predstavlja vrsto premiernih zvočnih del v kuratorskem izboru radioCona, izbor iz Dreamlands, ki ga kurirajo v Radio Arts, in izbor iz radijske serije Remote Series (dela za Skálar FM, za Soundproof na Radio National Australia), ki ga kurirata Anna Friz/Konrad Korabiewski.</p>
<p>Zasnova in kuriranje:  Elena Biserna, Irena Pivka, Brane Zorman s gostujočimi kuratorskimi izbori Radio Arts in Anna Friz/Konrad Korabiewski.<br />
Zasnova in organizacija dogodka <em>wolFMoon</em>: Jasmina Založnik, Irena Pivka<br />
Kuriranje in organizacija zvočnega dogodka <em>Sleep Kocert</em>: Brane Zorman<br />
Mentorja: Elena Biserna, Brane Zorman<br />
Tehnično vodstvo: Brane Zorman, Jan Turk, Marko Trstenjak<br />
Besedila: Elena Biserna, Irena Pivka, Jasmina Založnik<br />
Prevodi: Katja Kosi<br />
Lektura: Melita Silič, Sunčan Stone<br />
Oblikovanje: Irena Pivka<br />
Spletno oblikovanje; Vesna Bukovec<br />
Odnosi z javnostmi: Brane Zorman, Jasmina Založnik<br />
Partnerji <em>SLEEP KONCERT</em>, Kino Šiška, 3. program Radia Slovenija – program Ars<br />
Partnerji dogodka <em>wolFMoon uvertura</em> Botanični vrt, Univerze v Ljubljani<br />
Partnerji residence: JSKD<br />
Partnerji oddajanja: OE Oddajniki in zveze<br />
Zahvala: Radio Arts, Sonus Locus, Sound Camp, Mark Vernon Radiophonia, Anna Friz<br />
Produkcija: CONA, 2017, www.cona.si</p>
<p>Program CONE podpira Mestna občina Ljubljana, oddelek za kulturo.</p>

<p>FM razstava in dogodki 12. 1. – 19.1. 2016 FM 88.8MHz in splet radiocona.si ter dogodki na lokacijah Program oddajanja (informacija v angleščini) wolFMoon uvertura:  Četrtek 12. &#8211; Sobota 14. FM exhibition: Nedelja 15. Ponedeljek 16. Torek 17. Sreda 18. Četrtek 19. Ob polni luni, imenovani volčja luna, se bo radioCona osem zaporednih noči vključila v času, ko nastopi noč. pdf.zloženka [&hellip;]</p>
