{"id":707,"date":"2018-01-23T09:57:58","date_gmt":"2018-01-23T08:57:58","guid":{"rendered":"http:\/\/www.radiocona.si\/slo\/?page_id=707"},"modified":"2018-02-02T15:08:07","modified_gmt":"2018-02-02T14:08:07","slug":"radioconaicebreakerfm-fm-program-torek","status":"publish","type":"page","link":"https:\/\/www.radiocona.si\/slo\/radioconaicebreakerfm-fm-program-torek\/","title":{"rendered":"radioCona:ICEbreakerFM \/ FM program torek"},"content":{"rendered":"<p><strong>torek, 13. februarja,<\/strong>\u00a0<strong>od 18.30<\/strong><\/p>\n<p>Jasmina Zalo\u017enik, Irena Pivka, Brane Zorman\u00a0<strong><em>Zaple\u0161i tudi ti<\/em><\/strong>, (17:50) \/ 2010<br \/>\n<em>in-situ <\/em>plesni performans<\/p>\n<p>Ob\u00a0Svetovnem dnevu plesa\u00a0smo na izbranih lokacijah v sredi\u010du mesta Ljubljana pripravili plesno intervencijo, v kateri so plesalci, razpr\u0161eni po ulicah, izvajali usklajeno koreografijo, vodeno preko radijske frekvence 88.8\u00a0MHz. Kot povratna zanka se je na FM frekvenco so\u010dasno posredovala situacija o dogajanju na lokaciji. Tako je radio deloval kot orodje izvajanje sinhronega plesa po ulicah in kot posrednik, predvajalec zvo\u010dne simfonije, obogatene s povratnimi informacijami iz prizori\u0161\u010da. Izhodi\u0161\u010de intervencije je bil premislek o gibanju teles v javnem prostoru, preprostih in nezavednih ter ob\u010dasno tudi uniformiranih protokolih, ki dolo\u010dajo na\u0161a gibanja, ter nas medsebojno povezujejo ali razlo\u010dujejo.<br \/>\nProdukcija Cona. Povezava na video\u00a0<a href=\"http:\/\/www.radiocona.si\/zaplesi-tudi-ti-come-and-dance\/\"><em>Zaple\u0161i tudi ti<\/em><\/a><\/p>\n<p>Brane Zorman, Irena Pivka, Jasmina Zalo\u017enik in udele\u017eenci\u00a0<strong><em>wolFMoon howling <\/em><\/strong>2017<br \/>\nposnetek in-situ FM performansa,<\/p>\n<p>Tuljenje volkov je eden najbolj sugestivnih in mogo\u010dnih zvokov narave. Ta oddaljeni zvok, no\u010dne krajine, je \u010dudovit in zastra\u0161ujo\u010d hkrati. Volkovi s tuljenjem akusti\u010dno markirajo teritorij in se znotraj krdela pove\u017eejo. Tulijo v jasni, mirni no\u010di, najraje v obdobju somraka in na za\u010detku no\u010di. So takrat pogoji za transmisijo zvoka bolj\u0161i?<br \/>\nZbor\u010dek je v sne\u017enem mete\u017eu, na robo urbane krajine, pred rastlinjakom Tivoli, oblikoval vol\u010dje kardelo in se preiskusil z vol\u010djim ogla\u0161anjem. Povezava na <a href=\"https:\/\/vimeo.com\/213657102\">video<\/a> in najavo <a href=\"http:\/\/www.radiocona.si\/slo\/wolfmoon-uvertura\/\">dogodka<\/a>.<\/p>\n<p>Maria Papadomanolaki\u00a0<strong><em>To begin is to follow on from\u00a0<\/em><\/strong>[Za\u010deti pomeni nadaljevati], (29:00) \/ 2014<\/p>\n<p><em>T<\/em><em>o begin is to follow on from<\/em> je navdihnila Toba\u010dna, kompleks stare toba\u010dne tovarne v Ljubljani. Delo se giblje na meji med radijsko oddajo in dokumentarno fikcijo, predstavlja raziskovanje mejnega prostora stare tovarne. Inserti razli\u010dnih glasov in miniaturnih kompozicij prena\u0161ajo zvo\u010dne fragmente lokacije, naj gre za izmi\u0161ljene, osebne, kolektivne, zgodovinske ali dru\u017ebene, tiste iz sedanjosti, preteklosti ali prihodnosti.<br \/>\nProdukcija Cona, KC Toba\u010dna 001 \/ MGML za FM razstavo <em>radioCona: REuse MESTO: REuseRADIO<\/em>.<\/p>\n<p>Kathy Kennedy\u00a0<strong><em>Hmmm &#8230;<\/em><\/strong>, (39:14) \/ 2014<br \/>\n<em>in-situ<\/em> performans v zanki z FM oddajanjem<\/p>\n<p><em>Hmmm&#8230;<\/em>\u00a0je performans ali dogodek v velikem obsegu. Razvil se je iz akusti\u010dne ekologije zvo\u010dnih sprehodov, pri katerih se nastopajo\u010di sinhronizirajo s pomo\u010djo radijskega prenosa. Je dolga linija napolnjena z brne\u010dim zvokom, saj gre za interakcijo dveh posameznikov z radijskim sprejemnikom, ki prinese mo\u010dno in izjemno realisti\u010dno izku\u0161njo z zvokom.<br \/>\nProdukcija performansa v Ljubljani Cona, za FM razstavo <em>radioCona: REuse MESTO: REuseRADIO<\/em>, v sodelovanju s Pevskim zborom arhitektov Slovenije.<\/p>\n<p><a href=\"http:\/\/www.radiocona.si\/slo\/pregon-zime\/\"><em><img decoding=\"async\" loading=\"lazy\" class=\"alignleft size-thumbnail wp-image-629\" src=\"http:\/\/www.radiocona.si\/slo\/wp-content\/uploads\/sites\/3\/2018\/01\/pregon-zime_Cona_mala-150x150.jpg\" alt=\"\" width=\"150\" height=\"150\" \/><\/em><\/a><\/p>\n<p><a href=\"http:\/\/www.radiocona.si\/slo\/pregon-zime\/\"><em>Pre:gon<\/em>\u00a0<em>zime<\/em><\/a><\/p>\n<p>Osrednji celove\u010derni koncertni dogodek zvo\u010dnih umetnic in umetnikov<br \/>\n20.00\u201322.00<br \/>\nKino \u0160i\u0161ka, dvorana Komuna ter prenos na radioCona 88.8 MHz in Radio \u0160tudent\u00a089.3\u00a0MHz<\/p>\n<p>&nbsp;<\/p>\n<p>Vasja Progar\u00a0<em><strong>\u0160tudija RFI<\/strong><\/em><em>, <\/em>(22:16)<strong> \/ <\/strong>2014<\/p>\n<p>Delo je zasnovano kot raziskava zvo\u010dnega potenciala radiofrekven\u010dnih motenj (RFI). Te predstavljajo izhodi\u0161\u010dni material, iz katerega je z monta\u017eo in procesiranjem sestavljena zvo\u010dna kompozicija.<br \/>\nProdukcija Vasja Progar.<\/p>\n<p>Jan Turk in Marko Batista<em>\u00a0<strong>Cave astronauts<\/strong>\u00a0<\/em>[Jamarska astronavta]<em>, <\/em>(34:48)\u00a0\/ 2016<\/p>\n<p>Avtorja nadgrajujeta zvo\u010dno delo, ki nastaja s snemanjem in izvajanjem zvokov znotraj<br \/>\n<em>site-specific<\/em> akusti\u010dnega prostora kra\u0161ke jame. Izkori\u0161\u010danje akusti\u010dnih karakteristik naravnega habitata prepoznavata kot primarni kompozicijski element in s tem kot okolje za nastanek specifi\u010dne elektro-akusti\u010dne kompozicije. Skozi proces sta s snemanjem ustvarila zvo\u010dne zapise, v katerih nastopajo jamski zvoki vodnih kapljic, zvoki razli\u010dnih naravnih materialov, najdenih v jami, in interventni zvoki elektronskega izvora iz naprav, ki sta jih prinesla s sabo v podzemlje.<br \/>\nDelo je nastalo v okviru <em>radioCona:0.2425<\/em>, premierna zvo\u010dna dela v produkciji Cone.<\/p>\n","protected":false},"excerpt":{"rendered":"<p>torek, 13. februarja,\u00a0od 18.30 Jasmina Zalo\u017enik, Irena Pivka, Brane Zorman\u00a0Zaple\u0161i tudi ti, (17:50) \/ 2010 in-situ plesni performans Ob\u00a0Svetovnem dnevu plesa\u00a0smo na izbranih lokacijah v sredi\u010du mesta Ljubljana pripravili plesno intervencijo, v kateri so plesalci, razpr\u0161eni po ulicah, izvajali usklajeno koreografijo, vodeno preko radijske frekvence 88.8\u00a0MHz. Kot povratna zanka se je na FM frekvenco so\u010dasno [&hellip;]<\/p>\n","protected":false},"author":3,"featured_media":0,"parent":0,"menu_order":0,"comment_status":"closed","ping_status":"closed","template":"","meta":{"_mi_skip_tracking":false,"_monsterinsights_sitenote_active":false,"_monsterinsights_sitenote_note":"","_monsterinsights_sitenote_category":0},"_links":{"self":[{"href":"https:\/\/www.radiocona.si\/slo\/wp-json\/wp\/v2\/pages\/707"}],"collection":[{"href":"https:\/\/www.radiocona.si\/slo\/wp-json\/wp\/v2\/pages"}],"about":[{"href":"https:\/\/www.radiocona.si\/slo\/wp-json\/wp\/v2\/types\/page"}],"author":[{"embeddable":true,"href":"https:\/\/www.radiocona.si\/slo\/wp-json\/wp\/v2\/users\/3"}],"replies":[{"embeddable":true,"href":"https:\/\/www.radiocona.si\/slo\/wp-json\/wp\/v2\/comments?post=707"}],"version-history":[{"count":10,"href":"https:\/\/www.radiocona.si\/slo\/wp-json\/wp\/v2\/pages\/707\/revisions"}],"predecessor-version":[{"id":779,"href":"https:\/\/www.radiocona.si\/slo\/wp-json\/wp\/v2\/pages\/707\/revisions\/779"}],"wp:attachment":[{"href":"https:\/\/www.radiocona.si\/slo\/wp-json\/wp\/v2\/media?parent=707"}],"curies":[{"name":"wp","href":"https:\/\/api.w.org\/{rel}","templated":true}]}}